f 250644807?
0
What is the tens digit of 183915469?
6
What is the hundreds digit of 3084189965?
9
What is the millions digit of 316346432?
6
What is the units digit of 340710292?
2
What is the ten thousands digit of 71832064?
3
What is the units digit of 2811311692?
2
What is the thousands digit of 2202474236?
4
What is the hundred thousands digit of 39154985?
1
What is the units digit of 942237670?
0
What is the hundreds digit of 294394293?
2
What is the hundreds digit of 116222207?
2
What is the hundred millions digit of 5662268920?
6
What is the hundred thousands digit of 83654816?
6
What is the hundreds digit of 36780159?
1
What is the ten thousands digit of 1837301579?
0
What is the tens digit of 278388807?
0
What is the units digit of 739617071?
1
What is the units digit of 287926590?
0
What is the thousands digit of 256154?
6
What is the thousands digit of 57725076?
5
What is the ten millions digit of 7576148716?
7
What is the tens digit of 84064593?
9
What is the ten millions digit of 48034899?
4
What is the hundred thousands digit of 2115793337?
7
What is the hundreds digit of 1397438950?
9
What is the hundreds digit of 957737137?
1
What is the ten millions digit of 130018657?
3
What is the hundreds digit of 89860568?
5
What is the hundred millions digit of 3767901247?
7
What is the hundred thousands digit of 43791402?
7
What is the ten thousands digit of 2380073955?
7
What is the ten millions digit of 1458273623?
5
What is the ten thousands digit of 5221571?
2
What is the thousands digit of 5648459?
8
What is the ten millions digit of 182169791?
8
What is the hundreds digit of 3891943333?
3
What is the tens digit of 160696492?
9
What is the hundred thousands digit of 439761618?
7
What is the hundred millions digit of 1646370656?
6
What is the hundred thousands digit of 407689978?
6
What is the millions digit of 506628064?
6
What is the ten thousands digit of 1106216667?
1
What is the thousands digit of 4398612949?
2
What is the hundred thousands digit of 15283839?
2
What is the units digit of 681482404?
4
What is the millions digit of 2209446392?
9
What is the thousands digit of 306228381?
8
What is the ten thousands digit of 457787476?
8
What is the ten millions digit of 464710833?
6
What is the tens digit of 756948651?
5
What is the billions digit of 5005961278?
5
What is the ten millions digit of 86614745?
8
What is the hundred millions digit of 236582697?
2
What is the thousands digit of 845349409?
9
What is the ten millions digit of 1381485200?
8
What is the billions digit of 1072488964?
1
What is the tens digit of 1096297136?
3
What is the hundreds digit of 20351196?
1
What is the hundred millions digit of 119974789?
1
What is the hundred millions digit of 3140600733?
1
What is the ten millions digit of 229563293?
2
What is the thousands digit of 341032424?
2
What is the tens digit of 20331939?
3
What is the ten thousands digit of 3017954645?
5
What is the thousands digit of 812833781?
3
What is the tens digit of 83357829?
2
What is the hundreds digit of 183149654?
6
What is the hundred thousands digit of 4922008410?
0
What is the ten millions digit of 64350928?
6
What is the millions digit of 67043035?
7
What is the thousands digit of 85945659?
5
What is the units digit of 28036107?
7
What is the tens digit of 44695566?
6
What is the hundred thousands digit of 114687179?
6
What is the ten thousands digit of 3030077936?
7
What is the hundred thousands digit of 1151149823?
1
What is the millions digit of 18428250?
8
What is the millions digit of 73788785?
3
What is the hundreds digit of 686130427?
4
What is the units digit of 135642147?
7
What is the ten thousands digit of 97735681?
3
What is the millions digit of 7320218817?
0
What is the tens digit of 1048663784?
8
What is the ten thousands digit of 20595989?
9
What is the hundred thousands digit of 4326000625?
0
What is the ten thousands digit of 810085815?
8
What is the millions digit of 191874405?
1
What is the thousands digit of 33074737?
4
What is the millions digit of 335093434?
5
What is the ten millions digit of 35198889?
3
What is the units digit of 1967856729?
9
What is the tens digit of 5477749578?
7
What is the millions digit of 3626734451?
6
What is the hundreds digit of 842574350?
3
What is the hundred thousands digit of 199577422?
5
What is the hundreds digit of 2222969060?
0
What is the thousands digit of 4894480260?
0
What is the millions digit of 1071723833?
1
What is the hundreds digit of 98524876?
8
What is the hundreds digit of 205786475?
4
What is the hundred millions digit of 266384648?
2
What is the millions digit of 40195807?
0
What is the hundred millions digit of 878363174?
8
What is the ten millions digit of 58248136?
5
What is the units digit of 22513285?
5
What is the ten millions digit of 280995924?
8
What is the ten thousands digit of 5581221273?
2
What is the ten millions digit of 341000891?
4
What is the hundred millions digit of 462141291?
4
What is the ten millions digit of 41977086?
4
What is the ten thousands digit of 665537386?
3
What is the thousands digit of 23258693?
8
What is the hundred millions digit of 7269998310?
2
What is the hundreds digit of 117300579?
5
What is the hundreds digit of 21577417?
4
What is the hundred millions digit of 3324181169?
3
What is the tens digit of 298118189?
8
What is the hundreds digit of 66096467?
4
What is the tens digit of 189750548?
4
What is the tens digit of 6132137?
3
What is the hundred thousands digit of 2041321772?
3
What is the hundred thousands digit of 58397667?
3
What is the millions digit of 4406421872?
6
What is the millions digit of 12917373?
2
What is the hundreds digit of 5753647513?
5
What is the ten thousands digit of 10351107?
5
What is the thousands digit of 1202350297?
0
What is the hundred thousands digit of 303696029?
6
What is the hundreds digit of 61825344?
3
What is the units digit of 16067186?
6
What is the tens digit of 37289040?
4
What is the ten thousands digit of 143316408?
1
What is the thousands digit of 100058177?
8
What is the hundred millions digit of 235476955?
2
What is the units digit of 2951789378?
8
What is the millions digit of 153816418?
3
What is the hundreds digit of 38769194?
1
What is the ten millions digit of 296158929?
9
What is the thousands digit of 152658903?
8
What is the hundreds digit of 95388620?
6
What is the billions digit of 1800219925?
1
What is the hundred thousands digit of 136825477?
8
What is the ten thousands digit of 64449591?
4
What is the hundreds digit of 19066669?
6
What is the ten thousands digit of 106429464?
2
What is the tens digit of 852123896?
9
What is the ten thousands digit of 847429811?
2
What is the ten thousands digit of 67556497?
5
What is the thousands digit of 386114920?
4
What is the ten thousands digit of 64916791?
1
What is the ten thousands digit of 356932483?
3
What is the hundred thousands digit of 327224646?
2
What is the hundred millions digit of 1297115481?
2
What is the thousands digit of 1617131429?
1
What is the hundred thousands digit of 34792825?
7
What is the millions digit of 5799921?
5
What is the ten thousands digit of 517392613?
9
What is the millions digit of 119273083?
9
What is the billions digit of 2797552726?
2
What is the thousands digit of 24370605?
0
What is the millions digit of 21676331?
1
What is the millions digit of 136141494?
6
What is the hundred thousands digit of 155440239?
4
What is the thousands digit of 59683271?
3
What is the thousands digit of 1806631356?
1
What is the millions digit of 8101566?
8
What is the hundreds digit of 171321284?
2
What is the ten millions digit of 6420543867?
2
What is the hundreds digit of 93425489?
4
What is the ten millions digit of 54065261?
5
What is the hundred thousands digit of 150266506?
2
What is the units digit of 1916615505?
5
What is the hundred millions digit of 2408935828?
4
What is the hundred thousands digit of 291607659?
6
What is the hundred thousands digit of 1180419213?
4
What is the tens digit of 39011449?
4
What is the tens digit of 1553168613?
1
What is the tens digit of 937525019?
1
What is the units digit of 1124062084?
4
What is the units digit of 409905221?
1
What is the ten thousands digit of 22264858?
6
What is the 